38
What is the remainder when 207666 is divided by 19?
15
Calculate the remainder when 14944 is divided by 7067.
810
Calculate the remainder when 3167021 is divided by 13033.
2
Calculate the remainder when 1096241 is divided by 29.
12
Calculate the remainder when 55891 is divided by 11176.
11
What is the remainder when 142697766 is divided by 1811?
21
Calculate the remainder when 264192 is divided by 37735.
47
Calculate the remainder when 6336440 is divided by 8887.
9
What is the remainder when 861759 is divided by 41032?
87
Calculate the remainder when 1214032 is divided by 75.
7
Calculate the remainder when 60589 is divided by 8655.
4
Calculate the remainder when 82421215 is divided by 206.
203
Calculate the remainder when 206123 is divided by 1573.
60
Calculate the remainder when 2470328 is divided by 352862.
294
What is the remainder when 142584 is divided by 2669?
1127
What is the remainder when 4803 is divided by 2342?
119
What is the remainder when 74523453 is divided by 576?
573
Calculate the remainder when 92546122 is divided by 4838.
20
What is the remainder when 1445982 is divided by 30764?
74
Calculate the remainder when 1490056 is divided by 372492.
88
Calculate the remainder when 8872960 is divided by 8872951.
9
What is the remainder when 3605759 is divided by 617?
11
What is the remainder when 54898 is divided by 235?
143
What is the remainder when 9851 is divided by 179?
6
Calculate the remainder when 63361 is divided by 225.
136
Calculate the remainder when 214139 is divided by 214035.
104
What is the remainder when 27483624 is divided by 3095?
24
Calculate the remainder when 1664903 is divided by 11.
9
Calculate the remainder when 12484287 is divided by 1785.
1782
Calculate the remainder when 4704105 is divided by 1176023.
13
What is the remainder when 795147 is divided by 959?
136
What is the remainder when 220910 is divided by 3682?
3672
Calculate the remainder when 163600 is divided by 9085.
70
What is the remainder when 4415841 is divided by 315412?
73
What is the remainder when 737661862 is divided by 232?
230
Calculate the remainder when 3351646 is divided by 780.
766
What is the remainder when 919285 is divided by 76?
65
What is the remainder when 2601914 is divided by 99?
95
Calculate the remainder when 52380 is divided by 26090.
200
What is the remainder when 4191592 is divided by 698598?
4
Calculate the remainder when 89888 is divided by 29724.
716
What is the remainder when 425529 is divided by 280?
209
What is the remainder when 3206808404 is divided by 11?
8
What is the remainder when 5087352 is divided by 8666?
410
What is the remainder when 1164118 is divided by 247?
7
What is the remainder when 341809 is divided by 6973?
132
Calculate the remainder when 2659791 is divided by 650.
641
Calculate the remainder when 667686 is divided by 667676.
10
Calculate the remainder when 9108002 is divided by 2750.
2
What is the remainder when 329551 is divided by 164303?
945
Calculate the remainder when 127651 is divided by 31545.
1471
What is the remainder when 683805 is divided by 341895?
15
What is the remainder when 72415484 is divided by 128?
124
What is the remainder when 717609 is divided by 1746?
3
Calculate the remainder when 1277427 is divided by 75.
27
Calculate the remainder when 115588 is divided by 57343.
902
Calculate the remainder when 733384 is divided by 68.
4
What is the remainder when 12543473 is divided by 1011?
1007
What is the remainder when 1755686 is divided by 877828?
30
What is the remainder when 15589397 is divided by 28?
5
What is the remainder when 2398210 is divided by 393?
124
Calculate the remainder when 113102896 is divided by 43.
39
Calculate the remainder when 127594346 is divided by 975.
971
Calculate the remainder when 337003 is divided by 266.
247
Calculate the remainder when 290899 is divided by 288837.
2062
What is the remainder when 385305 is divided by 24081?
9
What is the remainder when 115427 is divided by 4332?
2795
Calculate the remainder when 629995488 is divided by 593.
590
Calculate the remainder when 794716 is divided by 75.
16
What is the remainder when 177408 is divided by 2362?
258
Calculate the remainder when 791395 is divided by 6942.
7
Calculate the remainder when 140218 is divided by 1149.
40
What is the remainder when 1097863 is divided by 57781?
24
Calculate the remainder when 1209904 is divided by 2980.
24
Calculate the remainder when 1762294 is divided by 24821.
3
Calculate the remainder when 141405 is divided by 140888.
517
Calculate the remainder when 38182647 is divided by 1414172.
3
What is the remainder when 177967 is divided by 222?
145
What is the remainder when 929849 is divided by 4793?
7
What is the remainder when 3293384171 is divided by 4204?
4203
Calculate the remainder when 245697548 is divided by 1330.
1328
What is the remainder when 14252508 is divided by 1079?
1076
Calculate the remainder when 3322854 is divided by 8542.
16
What is the remainder when 3081161 is divided by 385135?
81
Calculate the remainder when 246524 is divided by 11737.
47
Calculate the remainder when 13514214 is divided by 1423.
1406
Calculate the remainder when 1166172 is divided by 69.
3
What is the remainder when 1859914 is divided by 532?
42
Calculate the remainder when 7679293 is divided by 71769.
10
What is the remainder when 34959 is divided by 6026?
4829
What is the remainder when 527640 is divided by 263783?
74
What is the remainder when 4456601 is divided by 3011?
321
Calculate the remainder when 388209 is divided by 5318.
5313
What is the remainder when 1686606 is divided by 11712?
78
Calculate the remainder when 4112207 is divided by 1370732.
11
Calculate the remainder when 1348032 is divided by 2857.
2385
Calculate the remainder when 1740879 is divided by 1762.
23
What is the remainder when 28988 is divided by 12914?
3160
Calculate the remainder when 262078 is divided by 13074.
598
What is the remainder when 322878 is divided by 5450?
1328
Calculate the remainder when 6216 is divided by 5191.
1025
What is the remainder when 9095963 is divided by 11?
8
What is the remainder when 20690694 is divided by 2550?
2544
What is the remainder when 265012222 is divided by 96?
94
What is the remainder when 264757 is divided by 344?
221
What is the remainder when 278742 is divided by 89?
83
Calculate the remainder when 156924 is divided by 355.
14
Calculate the remainder when 1498199 is divided by 31212.
23
What is the remainder when 8630 is divided by 1706?
100
What is the remainder when 61803604 is divided by 5?
4
Calculate the remainder when 404020 is divided by 1548.
1540
Calculate the remainder when 7694039 is divided by 24.
23
What is the remainder when 2431211 is divided by 243121?
1
Calculate the remainder when 4247711 is divided by 326.
257
What is the remainder when 1317811574 is divided by 75?
74
Calculate the remainder when 31875612 is divided by 152.
148
Calculate the remainder when 37493463 is divided by 4934.
4931
What is the remainder when 1078661687 is divided by 1893?
1892
What is the remainder when 53173119 is divided by 23?
17
Calculate the remainder when 647674 is divided by 29.
17
What is the remainder when 39482991 is divided by 2322528?
15
What is the remainder when 158453830 is divided by 1099?
10
Calculate the remainder when 2090751 is divided by 285.
276
What is the remainder when 10241480 is divided by 5120735?
10
Calculate the remainder when 2518729 is divided by 257.
129
What is the remainder when 592243777 is divided by 31?
30
What is the remainder when 86409 is divided by 466?
199
What is the remainder when 112001 is divided by 819?
617
What is the remainder when 228510 is divided by 441?
72
Calculate the remainder when 182912 is divided by 1466.
1128
Calculate the remainder when 635413 is divided by 354.
337
Calculate the remainder when 12251623 is divided by 25.
23
Calculate the remainder when 546678 is divided by 3037.
18
What is the remainder when 8112503 is divided by 83?
0
What is the remainder when 1010923 is divided by 26?
17
What is the remainder when 77132857 is divided by 35?
32
Calculate the remainder when 412368 is divided by 252.
96
Calculate the remainder when 1727832 is divided by 313.
72
What is the remainder when 19594275 i